{"id":2382,"date":"2025-01-03T03:38:35","date_gmt":"2025-01-03T03:38:35","guid":{"rendered":"https:\/\/hakuna-tv.com\/?page_id=2382"},"modified":"2026-02-25T06:44:02","modified_gmt":"2026-02-25T06:44:02","slug":"abone","status":"publish","type":"page","link":"https:\/\/hakuna-tv.com\/hakuna-turq\/abone\/","title":{"rendered":"Hakuna TV&#039;ye abone olun"},"content":{"rendered":"<div data-elementor-type=\"wp-page\" data-elementor-id=\"2382\" class=\"elementor elementor-2382\" data-elementor-post-type=\"page\">\n\t\t\t\t\t\t<section class=\"elementor-section elementor-top-section elementor-element elementor-element-0f8a65f elementor-section-boxed elementor-section-height-default elementor-section-height-default\" data-id=\"0f8a65f\" data-element_type=\"section\" data-settings=\"{&quot;background_background&quot;:&quot;classic&quot;}\">\n\t\t\t\t\t\t\t<div class=\"elementor-background-overlay\"><\/div>\n\t\t\t\t\t\t\t<div class=\"elementor-container elementor-column-gap-default\">\n\t\t\t\t\t<div class=\"elementor-column elementor-col-100 elementor-top-column elementor-element elementor-element-d09dc73\" data-id=\"d09dc73\" data-element_type=\"column\">\n\t\t\t<div class=\"elementor-widget-wrap\">\n\t\t\t\t\t\t\t<\/div>\n\t\t<\/div>\n\t\t\t\t\t<\/div>\n\t\t<\/section>\n\t\t\t\t<section class=\"elementor-section elementor-top-section elementor-element elementor-element-b4cf129 elementor-section-full_width elementor-section-height-default elementor-section-height-default\" data-id=\"b4cf129\" data-element_type=\"section\" data-settings=\"{&quot;background_background&quot;:&quot;slideshow&quot;,&quot;background_slideshow_gallery&quot;:[],&quot;background_slideshow_loop&quot;:&quot;yes&quot;,&quot;background_slideshow_slide_duration&quot;:5000,&quot;background_slideshow_slide_transition&quot;:&quot;fade&quot;,&quot;background_slideshow_transition_duration&quot;:500}\">\n\t\t\t\t\t\t\t<div class=\"elementor-background-overlay\"><\/div>\n\t\t\t\t\t\t\t<div class=\"elementor-container elementor-column-gap-default\">\n\t\t\t\t\t<div class=\"elementor-column elementor-col-100 elementor-top-column elementor-element elementor-element-3ec8eeb\" data-id=\"3ec8eeb\" data-element_type=\"column\">\n\t\t\t<div class=\"elementor-widget-wrap elementor-element-populated\">\n\t\t\t\t\t\t<div class=\"elementor-element elementor-element-790724d elementor-widget elementor-widget-spacer\" data-id=\"790724d\" data-element_type=\"widget\" data-widget_type=\"spacer.default\">\n\t\t\t\t<div class=\"elementor-widget-container\">\n\t\t\t\t\t\t\t<div class=\"elementor-spacer\">\n\t\t\t<div class=\"elementor-spacer-inner\"><\/div>\n\t\t<\/div>\n\t\t\t\t\t\t<\/div>\n\t\t\t\t<\/div>\n\t\t\t\t<div class=\"elementor-element elementor-element-cdadb86 elementor-widget elementor-widget-heading\" data-id=\"cdadb86\" data-element_type=\"widget\" data-widget_type=\"heading.default\">\n\t\t\t\t<div class=\"elementor-widget-container\">\n\t\t\t\t\t<h2 class=\"elementor-heading-title elementor-size-default\">Sipari\u015f Vermeden \u00d6nce \u00d6nemli Bilgiler<\/h2>\t\t\t\t<\/div>\n\t\t\t\t<\/div>\n\t\t\t\t<div class=\"elementor-element elementor-element-680ffec elementor-widget elementor-widget-spacer\" data-id=\"680ffec\" data-element_type=\"widget\" data-widget_type=\"spacer.default\">\n\t\t\t\t<div class=\"elementor-widget-container\">\n\t\t\t\t\t\t\t<div class=\"elementor-spacer\">\n\t\t\t<div class=\"elementor-spacer-inner\"><\/div>\n\t\t<\/div>\n\t\t\t\t\t\t<\/div>\n\t\t\t\t<\/div>\n\t\t\t\t<div class=\"elementor-element elementor-element-ea50da2 elementor-widget elementor-widget-text-editor\" data-id=\"ea50da2\" data-element_type=\"widget\" data-widget_type=\"text-editor.default\">\n\t\t\t\t<div class=\"elementor-widget-container\">\n\t\t\t\t\t\t\t\t\t<p class=\"p1\">IPTV ihtiya\u00e7lar\u0131n\u0131z i\u00e7in Hakuna TV&#039;yi d\u00fc\u015f\u00fcnd\u00fc\u011f\u00fcn\u00fcz i\u00e7in te\u015fekk\u00fcr ederiz! T\u00fcm m\u00fc\u015fterilerimiz i\u00e7in en iyi deneyimi sa\u011flamak i\u00e7in l\u00fctfen sipari\u015finizi vermeden \u00f6nce a\u015fa\u011f\u0131daki bilgileri dikkatlice okuyun.<\/p>\t\t\t\t\t\t\t\t<\/div>\n\t\t\t\t<\/div>\n\t\t\t\t<div class=\"elementor-element elementor-element-86f1216 elementor-widget elementor-widget-text-editor\" data-id=\"86f1216\" data-element_type=\"widget\" data-widget_type=\"text-editor.default\">\n\t\t\t\t<div class=\"elementor-widget-container\">\n\t\t\t\t\t\t\t\t\t<p class=\"p3\"><b>\u00d6nce 1 G\u00fcnl\u00fck Ge\u00e7i\u015fimizi Deneyin<\/b><b><\/b><\/p><p class=\"p1\">Bizimle ba\u015flaman\u0131z\u0131 \u015fiddetle tavsiye ederiz <a href=\"https:\/\/hakuna-tv.com\/hakuna-turq\/#trial\"><b>1 G\u00fcnl\u00fck Ge\u00e7i\u015f<\/b><\/a> ayl\u0131k veya y\u0131ll\u0131k bir pakete karar vermeden \u00f6nce hizmetlerimizi test etmek i\u00e7in. Bu, hizmetlerimizin kalitesini ve istikrar\u0131n\u0131 ilk elden deneyimlemenizi sa\u011flar. Memnun kald\u0131\u011f\u0131n\u0131zda, daha uzun vadeli paketlerimizden birini sat\u0131n alabilirsiniz.<\/p>\t\t\t\t\t\t\t\t<\/div>\n\t\t\t\t<\/div>\n\t\t\t\t<div class=\"elementor-element elementor-element-2a80879 elementor-align-center elementor-mobile-align-center elementor-widget elementor-widget-button\" data-id=\"2a80879\" data-element_type=\"widget\" data-widget_type=\"button.default\">\n\t\t\t\t<div class=\"elementor-widget-container\">\n\t\t\t\t\t\t\t\t\t<div class=\"elementor-button-wrapper\">\n\t\t\t\t\t<a class=\"elementor-button elementor-button-link elementor-size-xs\" href=\"https:\/\/t.co\/69wMDdAMOx\" target=\"_blank\" rel=\"nofollow\">\n\t\t\t\t\t\t<span class=\"elementor-button-content-wrapper\">\n\t\t\t\t\t\t\t\t\t<span class=\"elementor-button-text\">1 G\u00fcnl\u00fck Ge\u00e7i\u015finizi Al\u0131n<\/span>\n\t\t\t\t\t<\/span>\n\t\t\t\t\t<\/a>\n\t\t\t\t<\/div>\n\t\t\t\t\t\t\t\t<\/div>\n\t\t\t\t<\/div>\n\t\t\t\t<div class=\"elementor-element elementor-element-938917b elementor-align-center elementor-mobile-align-center elementor-widget elementor-widget-button\" data-id=\"938917b\" data-element_type=\"widget\" data-widget_type=\"button.default\">\n\t\t\t\t<div class=\"elementor-widget-container\">\n\t\t\t\t\t<style>.elementor-element-938917b{display:none !important}<\/style>\t\t\t\t<\/div>\n\t\t\t\t<\/div>\n\t\t\t\t<div class=\"elementor-element elementor-element-d3c3526 elementor-widget elementor-widget-spacer\" data-id=\"d3c3526\" data-element_type=\"widget\" data-widget_type=\"spacer.default\">\n\t\t\t\t<div class=\"elementor-widget-container\">\n\t\t\t\t\t\t\t<div class=\"elementor-spacer\">\n\t\t\t<div class=\"elementor-spacer-inner\"><\/div>\n\t\t<\/div>\n\t\t\t\t\t\t<\/div>\n\t\t\t\t<\/div>\n\t\t\t\t<div class=\"elementor-element elementor-element-8864d5c elementor-widget elementor-widget-spacer\" data-id=\"8864d5c\" data-element_type=\"widget\" data-widget_type=\"spacer.default\">\n\t\t\t\t<div class=\"elementor-widget-container\">\n\t\t\t\t\t\t\t<div class=\"elementor-spacer\">\n\t\t\t<div class=\"elementor-spacer-inner\"><\/div>\n\t\t<\/div>\n\t\t\t\t\t\t<\/div>\n\t\t\t\t<\/div>\n\t\t\t\t<div class=\"elementor-element elementor-element-4f87a8c elementor-widget elementor-widget-text-editor\" data-id=\"4f87a8c\" data-element_type=\"widget\" data-widget_type=\"text-editor.default\">\n\t\t\t\t<div class=\"elementor-widget-container\">\n\t\t\t\t\t\t\t\t\t<h4 class=\"p1\"><strong>Aboneli\u011finizi Sipari\u015f Edin \u2013 Bizimle \u0130leti\u015fime Ge\u00e7in<\/strong><b><\/b><\/h4><p class=\"p3\">Sipari\u015f vermek i\u00e7in l\u00fctfen bizimle ileti\u015fime ge\u00e7in <a href=\"https:\/\/go.crisp.chat\/chat\/embed\/?website_id=e303af1e-9ff2-4b67-a21d-6463ed2e6935\"><b>Canl\u0131 Sohbet<\/b><\/a>. Temsilcilerimiz size yard\u0131mc\u0131 olmak i\u00e7in haz\u0131rd\u0131r. Ancak yo\u011fun zamanlarda yan\u0131tlar normalden daha uzun s\u00fcrebilir. Sabr\u0131n\u0131z ve anlay\u0131\u015f\u0131n\u0131z i\u00e7in te\u015fekk\u00fcr ederiz. T\u00fcm sorular\u0131n\u0131za yan\u0131t verece\u011fimizden ve bir gecikme olmas\u0131 durumunda e-posta yoluyla takip edece\u011fimizden emin olabilirsiniz.<\/p>\t\t\t\t\t\t\t\t<\/div>\n\t\t\t\t<\/div>\n\t\t\t\t<div class=\"elementor-element elementor-element-e7466e3 elementor-shape-circle elementor-grid-0 e-grid-align-center elementor-widget elementor-widget-social-icons\" data-id=\"e7466e3\" data-element_type=\"widget\" data-widget_type=\"social-icons.default\">\n\t\t\t\t<div class=\"elementor-widget-container\">\n\t\t\t\t\t\t\t<div class=\"elementor-social-icons-wrapper elementor-grid\">\n\t\t\t\t\t\t\t<span class=\"elementor-grid-item\">\n\t\t\t\t\t<a class=\"elementor-icon elementor-social-icon elementor-social-icon-rocketchat elementor-repeater-item-b14141a\" href=\"https:\/\/go.crisp.chat\/chat\/embed\/?website_id=e303af1e-9ff2-4b67-a21d-6463ed2e6935\" target=\"_blank\">\n\t\t\t\t\t\t<span class=\"elementor-screen-only\">Roket sohbeti<\/span>\n\t\t\t\t\t\t<i class=\"fab fa-rocketchat\"><\/i>\t\t\t\t\t<\/a>\n\t\t\t\t<\/span>\n\t\t\t\t\t<\/div>\n\t\t\t\t\t\t<\/div>\n\t\t\t\t<\/div>\n\t\t\t\t<div class=\"elementor-element elementor-element-ebc7d87 elementor-widget elementor-widget-spacer\" data-id=\"ebc7d87\" data-element_type=\"widget\" data-widget_type=\"spacer.default\">\n\t\t\t\t<div class=\"elementor-widget-container\">\n\t\t\t\t\t\t\t<div class=\"elementor-spacer\">\n\t\t\t<div class=\"elementor-spacer-inner\"><\/div>\n\t\t<\/div>\n\t\t\t\t\t\t<\/div>\n\t\t\t\t<\/div>\n\t\t\t\t<div class=\"elementor-element elementor-element-3b7f357 elementor-widget elementor-widget-text-editor\" data-id=\"3b7f357\" data-element_type=\"widget\" data-widget_type=\"text-editor.default\">\n\t\t\t\t<div class=\"elementor-widget-container\">\n\t\t\t\t\t\t\t\t\t<p class=\"p1\"><b>Geri \u00f6demeler ve anla\u015fmazl\u0131klar<\/b><b><\/b><\/p><p class=\"p3\">\u00d6nce bizimle ileti\u015fime ge\u00e7meden geri \u00f6deme veya anla\u015fmazl\u0131k a\u00e7maman\u0131z\u0131 \u015fiddetle tavsiye ediyoruz. Herhangi bir sorunu \u00e7\u00f6zmeye veya gerekirse aboneli\u011finizi iptal etmeye kararl\u0131y\u0131z. Ancak l\u00fctfen \u015funlar\u0131 anlay\u0131n:<\/p><p class=\"p4\">\u2022 <b>Yasal Uyumluluk:<\/b> Bir m\u00fc\u015fteri \u0130ade Yok Politikam\u0131za itiraz ederse veya sipari\u015f verdikten sonra geri \u00f6deme talep ederse, yasal i\u015flem ba\u015flatma hakk\u0131n\u0131 sakl\u0131 tutar\u0131z. Hizmetlerimizi kullanarak, anla\u015fmazl\u0131klar\u0131 ge\u00e7erli yasalara ve Hakuna TV taraf\u0131ndan sa\u011flanan hizmet \u015fartlar\u0131na uygun \u015fekilde \u00e7\u00f6zmeyi kabul edersiniz.<\/p><p class=\"p4\">\u2022 Anla\u015fmazl\u0131k a\u00e7madan \u00f6nce canl\u0131 sohbet yoluyla bizimle ileti\u015fime ge\u00e7in ve size yard\u0131mc\u0131 olabilmemiz i\u00e7in bize yeterli zaman tan\u0131y\u0131n.<\/p><p class=\"p1\"><b>\u00d6nemli Hat\u0131rlatmalar<\/b><b><\/b><\/p><p class=\"p4\">\u2022<b>Sabr\u0131n\u0131z takdir edilir:<\/b> Ekibimiz herkese m\u00fcmk\u00fcn olan en k\u0131sa s\u00fcrede yan\u0131t verebilmek i\u00e7in yo\u011fun bir \u015fekilde \u00e7al\u0131\u015f\u0131yor.<\/p><p class=\"p4\">\u2022<b>T\u00fcm politikalar\u0131 okuyun:<\/b> Sipari\u015f vermeden \u00f6nce \u0130ade Politikam\u0131z\u0131 ve Hizmet \u015eartlar\u0131m\u0131z\u0131 okuyup anlad\u0131\u011f\u0131n\u0131zdan emin olun.<\/p>\t\t\t\t\t\t\t\t<\/div>\n\t\t\t\t<\/div>\n\t\t\t\t<div class=\"elementor-element elementor-element-cba4c7a elementor-widget elementor-widget-text-editor\" data-id=\"cba4c7a\" data-element_type=\"widget\" data-widget_type=\"text-editor.default\">\n\t\t\t\t<div class=\"elementor-widget-container\">\n\t\t\t\t\t\t\t\t\t<p class=\"p1\">Hakuna TV&#039;yi se\u00e7ti\u011finiz i\u00e7in te\u015fekk\u00fcr ederiz. Size y\u00fcksek kaliteli IPTV hizmetleri ve m\u00fcmk\u00fcn olan en iyi deste\u011fi sa\u011flamaya kararl\u0131y\u0131z<\/p>\t\t\t\t\t\t\t\t<\/div>\n\t\t\t\t<\/div>\n\t\t\t\t<div class=\"elementor-element elementor-element-91c81fa elementor-widget elementor-widget-spacer\" data-id=\"91c81fa\" data-element_type=\"widget\" data-widget_type=\"spacer.default\">\n\t\t\t\t<div class=\"elementor-widget-container\">\n\t\t\t\t\t\t\t<div class=\"elementor-spacer\">\n\t\t\t<div class=\"elementor-spacer-inner\"><\/div>\n\t\t<\/div>\n\t\t\t\t\t\t<\/div>\n\t\t\t\t<\/div>\n\t\t\t\t\t<\/div>\n\t\t<\/div>\n\t\t\t\t\t<\/div>\n\t\t<\/section>\n\t\t\t\t<\/div>","protected":false},"excerpt":{"rendered":"<p>Sipari\u015f Vermeden \u00d6nce \u00d6nemli Bilgiler IPTV ihtiya\u00e7lar\u0131n\u0131z i\u00e7in Hakuna TV&#039;yi d\u00fc\u015f\u00fcnd\u00fc\u011f\u00fcn\u00fcz i\u00e7in te\u015fekk\u00fcr ederiz! T\u00fcm m\u00fc\u015fterilerimiz i\u00e7in en iyi deneyimi sa\u011flamak i\u00e7in l\u00fctfen sipari\u015finizi vermeden \u00f6nce a\u015fa\u011f\u0131daki bilgileri dikkatlice okuyun. \u00d6nce 1 G\u00fcnl\u00fck Ge\u00e7i\u015fimizi Deneyin Bir \u2026 taahh\u00fctte bulunmadan \u00f6nce hizmetlerimizi test etmek i\u00e7in 1 G\u00fcnl\u00fck Ge\u00e7i\u015fimizle ba\u015flaman\u0131z\u0131 \u015fiddetle tavsiye ederiz. <a title=\"Hakuna TV&#039;ye abone olun\" class=\"read-more\" href=\"https:\/\/hakuna-tv.com\/hakuna-turq\/abone\/\" aria-label=\"Hakuna TV&#039;ye abone olma hakk\u0131nda daha fazla bilgi edinin\">Devam\u0131n\u0131 oku<\/a><\/p>","protected":false},"author":1,"featured_media":0,"parent":0,"menu_order":0,"comment_status":"closed","ping_status":"closed","template":"","meta":{"_glsr_average":0,"_glsr_ranking":0,"_glsr_reviews":0,"footnotes":""},"class_list":["post-2382","page","type-page","status-publish"],"yoast_head":"<!-- This site is optimized with the Yoast SEO Premium plugin v25.4 (Yoast SEO v25.4) - https:\/\/yoast.com\/wordpress\/plugins\/seo\/ -->\n<title>Subscribe to Hakuna TV - Hakuna IPTV : All-In-One Quality IPTV Service<\/title>\n<meta name=\"robots\" content=\"index, follow, max-snippet:-1, max-image-preview:large, max-video-preview:-1\" \/>\n<link rel=\"canonical\" href=\"https:\/\/hakuna-tv.com\/hakuna-turq\/abone\/\" \/>\n<meta property=\"og:locale\" content=\"tr_TR\" \/>\n<meta property=\"og:type\" content=\"article\" \/>\n<meta property=\"og:title\" content=\"Subscribe to Hakuna TV\" \/>\n<meta property=\"og:description\" content=\"Important Information Before You Order Thank you for considering Hakuna TV for your IPTV needs! To ensure the best experience for all our clients, please carefully read the following information before placing your order. Try Our 1-Day Pass First We highly recommend starting with our 1-Day Pass to test our services before committing to a ... Read more\" \/>\n<meta property=\"og:url\" content=\"https:\/\/hakuna-tv.com\/hakuna-turq\/abone\/\" \/>\n<meta property=\"og:site_name\" content=\"Hakuna IPTV : All-In-One Quality IPTV Service\" \/>\n<meta property=\"article:modified_time\" content=\"2026-02-25T06:44:02+00:00\" \/>\n<meta name=\"twitter:card\" content=\"summary_large_image\" \/>\n<meta name=\"twitter:label1\" content=\"Tahmini okuma s\u00fcresi\" \/>\n\t<meta name=\"twitter:data1\" content=\"2 dakika\" \/>\n<script type=\"application\/ld+json\" class=\"yoast-schema-graph\">{\"@context\":\"https:\/\/schema.org\",\"@graph\":[{\"@type\":\"WebPage\",\"@id\":\"https:\/\/hakuna-tv.com\/subscribe\/\",\"url\":\"https:\/\/hakuna-tv.com\/subscribe\/\",\"name\":\"Subscribe to Hakuna TV - Hakuna IPTV : All-In-One Quality IPTV Service\",\"isPartOf\":{\"@id\":\"https:\/\/hakuna-tv.com\/#website\"},\"datePublished\":\"2025-01-03T03:38:35+00:00\",\"dateModified\":\"2026-02-25T06:44:02+00:00\",\"breadcrumb\":{\"@id\":\"https:\/\/hakuna-tv.com\/subscribe\/#breadcrumb\"},\"inLanguage\":\"tr\",\"potentialAction\":[{\"@type\":\"ReadAction\",\"target\":[\"https:\/\/hakuna-tv.com\/subscribe\/\"]}]},{\"@type\":\"BreadcrumbList\",\"@id\":\"https:\/\/hakuna-tv.com\/subscribe\/#breadcrumb\",\"itemListElement\":[{\"@type\":\"ListItem\",\"position\":1,\"name\":\"Home\",\"item\":\"https:\/\/hakuna-tv.com\/\"},{\"@type\":\"ListItem\",\"position\":2,\"name\":\"Subscribe to Hakuna TV\"}]},{\"@type\":\"WebSite\",\"@id\":\"https:\/\/hakuna-tv.com\/#website\",\"url\":\"https:\/\/hakuna-tv.com\/\",\"name\":\"Hakuna IPTV : All-In-One Quality IPTV Service\",\"description\":\"\",\"publisher\":{\"@id\":\"https:\/\/hakuna-tv.com\/#organization\"},\"potentialAction\":[{\"@type\":\"SearchAction\",\"target\":{\"@type\":\"EntryPoint\",\"urlTemplate\":\"https:\/\/hakuna-tv.com\/?s={search_term_string}\"},\"query-input\":{\"@type\":\"PropertyValueSpecification\",\"valueRequired\":true,\"valueName\":\"search_term_string\"}}],\"inLanguage\":\"tr\"},{\"@type\":\"Organization\",\"@id\":\"https:\/\/hakuna-tv.com\/#organization\",\"name\":\"Hakuna IPTV : All-In-One Quality IPTV Service\",\"url\":\"https:\/\/hakuna-tv.com\/\",\"logo\":{\"@type\":\"ImageObject\",\"inLanguage\":\"tr\",\"@id\":\"https:\/\/hakuna-tv.com\/#\/schema\/logo\/image\/\",\"url\":\"https:\/\/hakuna-tv.com\/wp-content\/uploads\/2023\/10\/cropped-hakunaiptv-logo.png\",\"contentUrl\":\"https:\/\/hakuna-tv.com\/wp-content\/uploads\/2023\/10\/cropped-hakunaiptv-logo.png\",\"width\":363,\"height\":342,\"caption\":\"Hakuna IPTV : All-In-One Quality IPTV Service\"},\"image\":{\"@id\":\"https:\/\/hakuna-tv.com\/#\/schema\/logo\/image\/\"}}]}<\/script>\n<!-- \/ Yoast SEO Premium plugin. -->","yoast_head_json":{"title":"Subscribe to Hakuna TV - Hakuna IPTV : All-In-One Quality IPTV Service","robots":{"index":"index","follow":"follow","max-snippet":"max-snippet:-1","max-image-preview":"max-image-preview:large","max-video-preview":"max-video-preview:-1"},"canonical":"https:\/\/hakuna-tv.com\/hakuna-turq\/abone\/","og_locale":"tr_TR","og_type":"article","og_title":"Subscribe to Hakuna TV","og_description":"Important Information Before You Order Thank you for considering Hakuna TV for your IPTV needs! To ensure the best experience for all our clients, please carefully read the following information before placing your order. Try Our 1-Day Pass First We highly recommend starting with our 1-Day Pass to test our services before committing to a ... Read more","og_url":"https:\/\/hakuna-tv.com\/hakuna-turq\/abone\/","og_site_name":"Hakuna IPTV : All-In-One Quality IPTV Service","article_modified_time":"2026-02-25T06:44:02+00:00","twitter_card":"summary_large_image","twitter_misc":{"Tahmini okuma s\u00fcresi":"2 dakika"},"schema":{"@context":"https:\/\/schema.org","@graph":[{"@type":"WebPage","@id":"https:\/\/hakuna-tv.com\/subscribe\/","url":"https:\/\/hakuna-tv.com\/subscribe\/","name":"Subscribe to Hakuna TV - Hakuna IPTV : All-In-One Quality IPTV Service","isPartOf":{"@id":"https:\/\/hakuna-tv.com\/#website"},"datePublished":"2025-01-03T03:38:35+00:00","dateModified":"2026-02-25T06:44:02+00:00","breadcrumb":{"@id":"https:\/\/hakuna-tv.com\/subscribe\/#breadcrumb"},"inLanguage":"tr","potentialAction":[{"@type":"ReadAction","target":["https:\/\/hakuna-tv.com\/subscribe\/"]}]},{"@type":"BreadcrumbList","@id":"https:\/\/hakuna-tv.com\/subscribe\/#breadcrumb","itemListElement":[{"@type":"ListItem","position":1,"name":"Home","item":"https:\/\/hakuna-tv.com\/"},{"@type":"ListItem","position":2,"name":"Subscribe to Hakuna TV"}]},{"@type":"WebSite","@id":"https:\/\/hakuna-tv.com\/#website","url":"https:\/\/hakuna-tv.com\/","name":"Hakuna IPTV : All-In-One Quality IPTV Service","description":"","publisher":{"@id":"https:\/\/hakuna-tv.com\/#organization"},"potentialAction":[{"@type":"SearchAction","target":{"@type":"EntryPoint","urlTemplate":"https:\/\/hakuna-tv.com\/?s={search_term_string}"},"query-input":{"@type":"PropertyValueSpecification","valueRequired":true,"valueName":"search_term_string"}}],"inLanguage":"tr"},{"@type":"Organization","@id":"https:\/\/hakuna-tv.com\/#organization","name":"Hakuna IPTV : All-In-One Quality IPTV Service","url":"https:\/\/hakuna-tv.com\/","logo":{"@type":"ImageObject","inLanguage":"tr","@id":"https:\/\/hakuna-tv.com\/#\/schema\/logo\/image\/","url":"https:\/\/hakuna-tv.com\/wp-content\/uploads\/2023\/10\/cropped-hakunaiptv-logo.png","contentUrl":"https:\/\/hakuna-tv.com\/wp-content\/uploads\/2023\/10\/cropped-hakunaiptv-logo.png","width":363,"height":342,"caption":"Hakuna IPTV : All-In-One Quality IPTV Service"},"image":{"@id":"https:\/\/hakuna-tv.com\/#\/schema\/logo\/image\/"}}]}},"_links":{"self":[{"href":"https:\/\/hakuna-tv.com\/hakuna-turq\/wp-json\/wp\/v2\/pages\/2382","targetHints":{"allow":["GET"]}}],"collection":[{"href":"https:\/\/hakuna-tv.com\/hakuna-turq\/wp-json\/wp\/v2\/pages"}],"about":[{"href":"https:\/\/hakuna-tv.com\/hakuna-turq\/wp-json\/wp\/v2\/types\/page"}],"author":[{"embeddable":true,"href":"https:\/\/hakuna-tv.com\/hakuna-turq\/wp-json\/wp\/v2\/users\/1"}],"replies":[{"embeddable":true,"href":"https:\/\/hakuna-tv.com\/hakuna-turq\/wp-json\/wp\/v2\/comments?post=2382"}],"version-history":[{"count":222,"href":"https:\/\/hakuna-tv.com\/hakuna-turq\/wp-json\/wp\/v2\/pages\/2382\/revisions"}],"predecessor-version":[{"id":3452,"href":"https:\/\/hakuna-tv.com\/hakuna-turq\/wp-json\/wp\/v2\/pages\/2382\/revisions\/3452"}],"wp:attachment":[{"href":"https:\/\/hakuna-tv.com\/hakuna-turq\/wp-json\/wp\/v2\/media?parent=2382"}],"curies":[{"name":"wp","href":"https:\/\/api.w.org\/{rel}","templated":true}]}}