{"id":2237,"date":"2024-12-08T04:45:20","date_gmt":"2024-12-08T04:45:20","guid":{"rendered":"https:\/\/hakuna-tv.com\/?page_id=2237"},"modified":"2025-09-17T09:29:54","modified_gmt":"2025-09-17T09:29:54","slug":"arvosteluja","status":"publish","type":"page","link":"https:\/\/hakuna-tv.com\/hakuna-finl\/arvosteluja\/","title":{"rendered":"Mit\u00e4 asiakkaamme sanovat"},"content":{"rendered":"<div data-elementor-type=\"wp-page\" data-elementor-id=\"2237\" class=\"elementor elementor-2237\" data-elementor-post-type=\"page\">\n\t\t\t\t\t\t<section class=\"elementor-section elementor-top-section elementor-element elementor-element-0f8a65f elementor-section-boxed elementor-section-height-default elementor-section-height-default\" data-id=\"0f8a65f\" data-element_type=\"section\" data-e-type=\"section\" data-settings=\"{&quot;background_background&quot;:&quot;classic&quot;}\">\n\t\t\t\t\t\t\t<div class=\"elementor-background-overlay\"><\/div>\n\t\t\t\t\t\t\t<div class=\"elementor-container elementor-column-gap-default\">\n\t\t\t\t\t<div class=\"elementor-column elementor-col-100 elementor-top-column elementor-element elementor-element-d09dc73\" data-id=\"d09dc73\" data-element_type=\"column\" data-e-type=\"column\">\n\t\t\t<div class=\"elementor-widget-wrap\">\n\t\t\t\t\t\t\t<\/div>\n\t\t<\/div>\n\t\t\t\t\t<\/div>\n\t\t<\/section>\n\t\t\t\t<section class=\"elementor-section elementor-top-section elementor-element elementor-element-b4cf129 elementor-section-full_width elementor-section-height-default elementor-section-height-default\" data-id=\"b4cf129\" data-element_type=\"section\" data-e-type=\"section\" data-settings=\"{&quot;background_background&quot;:&quot;slideshow&quot;,&quot;background_slideshow_gallery&quot;:[],&quot;background_slideshow_loop&quot;:&quot;yes&quot;,&quot;background_slideshow_slide_duration&quot;:5000,&quot;background_slideshow_slide_transition&quot;:&quot;fade&quot;,&quot;background_slideshow_transition_duration&quot;:500}\">\n\t\t\t\t\t\t\t<div class=\"elementor-background-overlay\"><\/div>\n\t\t\t\t\t\t\t<div class=\"elementor-container elementor-column-gap-default\">\n\t\t\t\t\t<div class=\"elementor-column elementor-col-100 elementor-top-column elementor-element elementor-element-3ec8eeb\" data-id=\"3ec8eeb\" data-element_type=\"column\" data-e-type=\"column\">\n\t\t\t<div class=\"elementor-widget-wrap elementor-element-populated\">\n\t\t\t\t\t\t<div class=\"elementor-element elementor-element-790724d elementor-widget elementor-widget-spacer\" data-id=\"790724d\" data-element_type=\"widget\" data-e-type=\"widget\" data-widget_type=\"spacer.default\">\n\t\t\t\t<div class=\"elementor-widget-container\">\n\t\t\t\t\t\t\t<div class=\"elementor-spacer\">\n\t\t\t<div class=\"elementor-spacer-inner\"><\/div>\n\t\t<\/div>\n\t\t\t\t\t\t<\/div>\n\t\t\t\t<\/div>\n\t\t\t\t<div class=\"elementor-element elementor-element-cdadb86 elementor-widget elementor-widget-heading\" data-id=\"cdadb86\" data-element_type=\"widget\" data-e-type=\"widget\" data-widget_type=\"heading.default\">\n\t\t\t\t<div class=\"elementor-widget-container\">\n\t\t\t\t\t<h2 class=\"elementor-heading-title elementor-size-default\">Hakuna TV - Asiakkaiden arvostelut<\/h2>\t\t\t\t<\/div>\n\t\t\t\t<\/div>\n\t\t\t\t<div class=\"elementor-element elementor-element-d5af661 elementor-widget elementor-widget-spacer\" data-id=\"d5af661\" data-element_type=\"widget\" data-e-type=\"widget\" data-widget_type=\"spacer.default\">\n\t\t\t\t<div class=\"elementor-widget-container\">\n\t\t\t\t\t\t\t<div class=\"elementor-spacer\">\n\t\t\t<div class=\"elementor-spacer-inner\"><\/div>\n\t\t<\/div>\n\t\t\t\t\t\t<\/div>\n\t\t\t\t<\/div>\n\t\t<div class=\"elementor-element elementor-element-5ebd1a9 e-flex e-con-boxed e-con e-parent\" data-id=\"5ebd1a9\" data-element_type=\"container\" data-e-type=\"container\">\n\t\t\t\t\t<div class=\"e-con-inner\">\n\t\t\t\t<div class=\"elementor-element elementor-element-963692a elementor-widget elementor-widget-spacer\" data-id=\"963692a\" data-element_type=\"widget\" data-e-type=\"widget\" data-widget_type=\"spacer.default\">\n\t\t\t\t<div class=\"elementor-widget-container\">\n\t\t\t\t\t\t\t<div class=\"elementor-spacer\">\n\t\t\t<div class=\"elementor-spacer-inner\"><\/div>\n\t\t<\/div>\n\t\t\t\t\t\t<\/div>\n\t\t\t\t<\/div>\n\t\t\t\t<div class=\"elementor-element elementor-element-031de96 elementor-widget elementor-widget-heading\" data-id=\"031de96\" data-element_type=\"widget\" data-e-type=\"widget\" data-widget_type=\"heading.default\">\n\t\t\t\t<div class=\"elementor-widget-container\">\n\t\t\t\t\t<h2 class=\"elementor-heading-title elementor-size-default\">Koe Hakuna TV t\u00e4n\u00e4\u00e4n!<\/h2>\t\t\t\t<\/div>\n\t\t\t\t<\/div>\n\t\t\t\t<div class=\"elementor-element elementor-element-a8ee190 elementor-widget elementor-widget-text-editor\" data-id=\"a8ee190\" data-element_type=\"widget\" data-e-type=\"widget\" data-widget_type=\"text-editor.default\">\n\t\t\t\t<div class=\"elementor-widget-container\">\n\t\t\t\t\t\t\t\t\t<p class=\"p1\">Oletko valmis parantamaan viihdett\u00e4si? Aloita meid\u00e4n <strong>1 p\u00e4iv\u00e4n Hakuna-passi<\/strong> tai vieraile meill\u00e4 <a href=\"https:\/\/hakuna-tv.com\/hakuna-finl\"><strong>kotisivulle<\/strong><\/a> saadaksesi lis\u00e4tietoja tarjouksistamme. Tarvitsetko apua m\u00e4\u00e4ritt\u00e4misess\u00e4? Tutustu yksityiskohtaisesti <strong><a href=\"https:\/\/hakuna-tv.com\/hakuna-finl\/opetusohjelma\/\">opetusohjelma<\/a><\/strong> vaiheittaista opastusta varten. Jos sinulla on kysytt\u00e4v\u00e4\u00e4, ota rohkeasti yhteytt\u00e4 <a href=\"https:\/\/hakuna-tv.com\/hakuna-finl\/ota-meihin-yhteytta\/\">ota yhteytt\u00e4 yst\u00e4v\u00e4lliseen tukitiimiimme<\/a> \u2013 olemme t\u00e4\u00e4ll\u00e4 auttamassa!<\/p>\t\t\t\t\t\t\t\t<\/div>\n\t\t\t\t<\/div>\n\t\t\t\t<div class=\"elementor-element elementor-element-111d613 elementor-widget elementor-widget-spacer\" data-id=\"111d613\" data-element_type=\"widget\" data-e-type=\"widget\" data-widget_type=\"spacer.default\">\n\t\t\t\t<div class=\"elementor-widget-container\">\n\t\t\t\t\t\t\t<div class=\"elementor-spacer\">\n\t\t\t<div class=\"elementor-spacer-inner\"><\/div>\n\t\t<\/div>\n\t\t\t\t\t\t<\/div>\n\t\t\t\t<\/div>\n\t\t\t\t\t<\/div>\n\t\t\t\t<\/div>\n\t\t\t\t\t<\/div>\n\t\t<\/div>\n\t\t\t\t\t<\/div>\n\t\t<\/section>\n\t\t\t\t<\/div>","protected":false},"excerpt":{"rendered":"<p>Hakuna TV \u2013 Asiakkaiden arvostelut Zeer tevreden 8. joulukuuta 2024 Super tevreden met Hakuna TV! Vooral de stabiliteit en het enorme aanbod aan zenders maden het perfect. Ik zou niet meer zonder kunnen kijken. Anneke Geweldige kwaliteit 8. joulukuuta 2024 Hakuna TV on echt geweldig! De kwaliteit on huippua en het aanbod on valtava. Geen\u2026 <a title=\"Mit\u00e4 asiakkaamme sanovat\" class=\"read-more\" href=\"https:\/\/hakuna-tv.com\/hakuna-finl\/arvosteluja\/\" aria-label=\"Lue lis\u00e4\u00e4 v\u00e4lill\u00e4 Mit\u00e4 asiakkaamme sanovat\">Lue lis\u00e4\u00e4<\/a><\/p>","protected":false},"author":1,"featured_media":0,"parent":0,"menu_order":0,"comment_status":"closed","ping_status":"closed","template":"","meta":{"footnotes":""},"class_list":["post-2237","page","type-page","status-publish"],"yoast_head":"<!-- This site is optimized with the Yoast SEO plugin v27.5 - https:\/\/yoast.com\/product\/yoast-seo-wordpress\/ -->\n<title>Hakuna TV Reviews | Honest Experiences &amp; Trustpilot Ratings<\/title>\n<meta name=\"description\" content=\"Discover real Hakuna TV reviews and experiences from customers worldwide. Read opinions from forums, Trustpilot, and our satisfied users. Join our community today!\" \/>\n<meta name=\"robots\" content=\"index, follow, max-snippet:-1, max-image-preview:large, max-video-preview:-1\" \/>\n<link rel=\"canonical\" href=\"https:\/\/hakuna-tv.com\/hakuna-finl\/arvosteluja\/\" \/>\n<meta property=\"og:locale\" content=\"fi_FI\" \/>\n<meta property=\"og:type\" content=\"article\" \/>\n<meta property=\"og:title\" content=\"Hakuna TV Reviews | Honest Experiences &amp; Trustpilot Ratings\" \/>\n<meta property=\"og:description\" content=\"Discover real Hakuna TV reviews and experiences from customers worldwide. Read opinions from forums, Trustpilot, and our satisfied users. Join our community today!\" \/>\n<meta property=\"og:url\" content=\"https:\/\/hakuna-tv.com\/hakuna-finl\/arvosteluja\/\" \/>\n<meta property=\"og:site_name\" content=\"Hakuna IPTV : All-In-One Quality IPTV Service\" \/>\n<meta property=\"article:modified_time\" content=\"2025-09-17T09:29:54+00:00\" \/>\n<meta name=\"twitter:card\" content=\"summary_large_image\" \/>\n<meta name=\"twitter:label1\" content=\"Arvioitu lukuaika\" \/>\n\t<meta name=\"twitter:data1\" content=\"2 minuuttia\" \/>\n<script type=\"application\/ld+json\" class=\"yoast-schema-graph\">{\"@context\":\"https:\\\/\\\/schema.org\",\"@graph\":[{\"@type\":\"WebPage\",\"@id\":\"https:\\\/\\\/hakuna-tv.com\\\/hakuna-swedn\\\/recensioner\\\/\",\"url\":\"https:\\\/\\\/hakuna-tv.com\\\/hakuna-swedn\\\/recensioner\\\/\",\"name\":\"Hakuna TV Reviews | Honest Experiences & Trustpilot Ratings\",\"isPartOf\":{\"@id\":\"https:\\\/\\\/hakuna-tv.com\\\/hakuna-swedn\\\/#website\"},\"datePublished\":\"2024-12-08T04:45:20+00:00\",\"dateModified\":\"2025-09-17T09:29:54+00:00\",\"description\":\"Discover real Hakuna TV reviews and experiences from customers worldwide. Read opinions from forums, Trustpilot, and our satisfied users. Join our community today!\",\"breadcrumb\":{\"@id\":\"https:\\\/\\\/hakuna-tv.com\\\/hakuna-swedn\\\/recensioner\\\/#breadcrumb\"},\"inLanguage\":\"fi\",\"potentialAction\":[{\"@type\":\"ReadAction\",\"target\":[\"https:\\\/\\\/hakuna-tv.com\\\/hakuna-swedn\\\/recensioner\\\/\"]}]},{\"@type\":\"BreadcrumbList\",\"@id\":\"https:\\\/\\\/hakuna-tv.com\\\/hakuna-swedn\\\/recensioner\\\/#breadcrumb\",\"itemListElement\":[{\"@type\":\"ListItem\",\"position\":1,\"name\":\"Home\",\"item\":\"https:\\\/\\\/hakuna-tv.com\\\/hakuna-swedn\\\/\"},{\"@type\":\"ListItem\",\"position\":2,\"name\":\"What Our Customers Say\"}]},{\"@type\":\"WebSite\",\"@id\":\"https:\\\/\\\/hakuna-tv.com\\\/hakuna-swedn\\\/#website\",\"url\":\"https:\\\/\\\/hakuna-tv.com\\\/hakuna-swedn\\\/\",\"name\":\"Hakuna IPTV : All-In-One Quality IPTV Service\",\"description\":\"\",\"publisher\":{\"@id\":\"https:\\\/\\\/hakuna-tv.com\\\/hakuna-swedn\\\/#organization\"},\"potentialAction\":[{\"@type\":\"SearchAction\",\"target\":{\"@type\":\"EntryPoint\",\"urlTemplate\":\"https:\\\/\\\/hakuna-tv.com\\\/hakuna-swedn\\\/?s={search_term_string}\"},\"query-input\":{\"@type\":\"PropertyValueSpecification\",\"valueRequired\":true,\"valueName\":\"search_term_string\"}}],\"inLanguage\":\"fi\"},{\"@type\":\"Organization\",\"@id\":\"https:\\\/\\\/hakuna-tv.com\\\/hakuna-swedn\\\/#organization\",\"name\":\"Hakuna IPTV : All-In-One Quality IPTV Service\",\"url\":\"https:\\\/\\\/hakuna-tv.com\\\/hakuna-swedn\\\/\",\"logo\":{\"@type\":\"ImageObject\",\"inLanguage\":\"fi\",\"@id\":\"https:\\\/\\\/hakuna-tv.com\\\/hakuna-swedn\\\/#\\\/schema\\\/logo\\\/image\\\/\",\"url\":\"https:\\\/\\\/hakuna-tv.com\\\/wp-content\\\/uploads\\\/2023\\\/10\\\/cropped-hakunaiptv-logo.png\",\"contentUrl\":\"https:\\\/\\\/hakuna-tv.com\\\/wp-content\\\/uploads\\\/2023\\\/10\\\/cropped-hakunaiptv-logo.png\",\"width\":363,\"height\":342,\"caption\":\"Hakuna IPTV : All-In-One Quality IPTV Service\"},\"image\":{\"@id\":\"https:\\\/\\\/hakuna-tv.com\\\/hakuna-swedn\\\/#\\\/schema\\\/logo\\\/image\\\/\"}}]}<\/script>\n<!-- \/ Yoast SEO plugin. -->","yoast_head_json":{"title":"Hakuna TV arvostelut | Rehelliset kokemukset ja Trustpilot-arviot","description":"L\u00f6yd\u00e4 todellisia Hakuna TV -arvosteluja ja kokemuksia asiakkailta ymp\u00e4ri maailmaa. Lue mielipiteit\u00e4 foorumeilta, Trustpilotilta ja tyytyv\u00e4isilt\u00e4 k\u00e4ytt\u00e4jilt\u00e4mme. Liity yhteis\u00f6\u00f6mme t\u00e4n\u00e4\u00e4n!","robots":{"index":"index","follow":"follow","max-snippet":"max-snippet:-1","max-image-preview":"max-image-preview:large","max-video-preview":"max-video-preview:-1"},"canonical":"https:\/\/hakuna-tv.com\/hakuna-finl\/arvosteluja\/","og_locale":"fi_FI","og_type":"article","og_title":"Hakuna TV Reviews | Honest Experiences & Trustpilot Ratings","og_description":"Discover real Hakuna TV reviews and experiences from customers worldwide. Read opinions from forums, Trustpilot, and our satisfied users. Join our community today!","og_url":"https:\/\/hakuna-tv.com\/hakuna-finl\/arvosteluja\/","og_site_name":"Hakuna IPTV : All-In-One Quality IPTV Service","article_modified_time":"2025-09-17T09:29:54+00:00","twitter_card":"summary_large_image","twitter_misc":{"Arvioitu lukuaika":"2 minuuttia"},"schema":{"@context":"https:\/\/schema.org","@graph":[{"@type":"WebPage","@id":"https:\/\/hakuna-tv.com\/hakuna-swedn\/recensioner\/","url":"https:\/\/hakuna-tv.com\/hakuna-swedn\/recensioner\/","name":"Hakuna TV arvostelut | Rehelliset kokemukset ja Trustpilot-arviot","isPartOf":{"@id":"https:\/\/hakuna-tv.com\/hakuna-swedn\/#website"},"datePublished":"2024-12-08T04:45:20+00:00","dateModified":"2025-09-17T09:29:54+00:00","description":"L\u00f6yd\u00e4 todellisia Hakuna TV -arvosteluja ja kokemuksia asiakkailta ymp\u00e4ri maailmaa. Lue mielipiteit\u00e4 foorumeilta, Trustpilotilta ja tyytyv\u00e4isilt\u00e4 k\u00e4ytt\u00e4jilt\u00e4mme. Liity yhteis\u00f6\u00f6mme t\u00e4n\u00e4\u00e4n!","breadcrumb":{"@id":"https:\/\/hakuna-tv.com\/hakuna-swedn\/recensioner\/#breadcrumb"},"inLanguage":"fi","potentialAction":[{"@type":"ReadAction","target":["https:\/\/hakuna-tv.com\/hakuna-swedn\/recensioner\/"]}]},{"@type":"BreadcrumbList","@id":"https:\/\/hakuna-tv.com\/hakuna-swedn\/recensioner\/#breadcrumb","itemListElement":[{"@type":"ListItem","position":1,"name":"Home","item":"https:\/\/hakuna-tv.com\/hakuna-swedn\/"},{"@type":"ListItem","position":2,"name":"What Our Customers Say"}]},{"@type":"WebSite","@id":"https:\/\/hakuna-tv.com\/hakuna-swedn\/#website","url":"https:\/\/hakuna-tv.com\/hakuna-swedn\/","name":"Hakuna IPTV: All-In-One-laadukas IPTV-palvelu","description":"","publisher":{"@id":"https:\/\/hakuna-tv.com\/hakuna-swedn\/#organization"},"potentialAction":[{"@type":"SearchAction","target":{"@type":"EntryPoint","urlTemplate":"https:\/\/hakuna-tv.com\/hakuna-swedn\/?s={search_term_string}"},"query-input":{"@type":"PropertyValueSpecification","valueRequired":true,"valueName":"search_term_string"}}],"inLanguage":"fi"},{"@type":"Organization","@id":"https:\/\/hakuna-tv.com\/hakuna-swedn\/#organization","name":"Hakuna IPTV: All-In-One-laadukas IPTV-palvelu","url":"https:\/\/hakuna-tv.com\/hakuna-swedn\/","logo":{"@type":"ImageObject","inLanguage":"fi","@id":"https:\/\/hakuna-tv.com\/hakuna-swedn\/#\/schema\/logo\/image\/","url":"https:\/\/hakuna-tv.com\/wp-content\/uploads\/2023\/10\/cropped-hakunaiptv-logo.png","contentUrl":"https:\/\/hakuna-tv.com\/wp-content\/uploads\/2023\/10\/cropped-hakunaiptv-logo.png","width":363,"height":342,"caption":"Hakuna IPTV : All-In-One Quality IPTV Service"},"image":{"@id":"https:\/\/hakuna-tv.com\/hakuna-swedn\/#\/schema\/logo\/image\/"}}]}},"_links":{"self":[{"href":"https:\/\/hakuna-tv.com\/hakuna-finl\/wp-json\/wp\/v2\/pages\/2237","targetHints":{"allow":["GET"]}}],"collection":[{"href":"https:\/\/hakuna-tv.com\/hakuna-finl\/wp-json\/wp\/v2\/pages"}],"about":[{"href":"https:\/\/hakuna-tv.com\/hakuna-finl\/wp-json\/wp\/v2\/types\/page"}],"author":[{"embeddable":true,"href":"https:\/\/hakuna-tv.com\/hakuna-finl\/wp-json\/wp\/v2\/users\/1"}],"replies":[{"embeddable":true,"href":"https:\/\/hakuna-tv.com\/hakuna-finl\/wp-json\/wp\/v2\/comments?post=2237"}],"version-history":[{"count":1,"href":"https:\/\/hakuna-tv.com\/hakuna-finl\/wp-json\/wp\/v2\/pages\/2237\/revisions"}],"predecessor-version":[{"id":2916,"href":"https:\/\/hakuna-tv.com\/hakuna-finl\/wp-json\/wp\/v2\/pages\/2237\/revisions\/2916"}],"wp:attachment":[{"href":"https:\/\/hakuna-tv.com\/hakuna-finl\/wp-json\/wp\/v2\/media?parent=2237"}],"curies":[{"name":"wp","href":"https:\/\/api.w.org\/{rel}","templated":true}]}}